). Let l be (-20)/u - (-26)/6. Calculate the remainder when p(l) is divided by 9.
6
Let h(c) = -2*c**2 + 19*c + 8. Let s be h(4). Suppose -2*u + 4*p + s = 2*u, -p = 2*u - 26. Calculate the remainder when 49 is divided by u.
10
Let h be 92 + (-16)/8 + 1 + 1. Suppose -h = -12*t + 184. What is the remainder when 64 is divided by t?
18
Let z = -6 - -14. Suppose -z*i + 36 = -5*i. What is the remainder when i is divided by (1 - -4) + -48 + 47?
0
Suppose -2*i + 0*r - 3*r = -617, 3*r = -15. Let a = i - 296. What is the remainder when 174 is divided by a?
14
Suppose 0 = -3*d + 5*y + 227, -7 = 4*d + 3*y - 271. Let p(u) = -18*u**3 + u**2 + 2*u + 1. Calculate the remainder when d is divided by p(-1).
15
Suppose 3*c - 67 = -n - 12, n + 5*c = 45. Let r = -28 + n. Let h(q) = -2*q**2 - 61*q - 299. What is the remainder when h(-16) is divided by r?
39
Suppose -4*w + 18 = -w. Let l = 97 + -50. Let z = 53 - l. Calculate the remainder when z is divided by w.
0
Let h(x) = 19*x + 1. Let m be h(6). Suppose -131*j + m*j = -576. What is the remainder when 51 is divided by j?
15
Let n(s) = s**2 + 2*s - 1. Suppose -3*j - y = 17, 0 = -4*j + 3*y - 8*y - 41. Calculate the remainder when 3510/325 + (-1)/(-5) is divided by n(j).
4
Suppose 0*z - 340 = -2*z + 4*q, 15 = -5*q. Calculate the remainder when 667 is divided by z.
11
Suppose 18 = -3*x, -126*d + 130*d - 426 = 5*x. What is the remainder when 1768 is divided by d?
85
Let w(k) = 2*k**2 - 4*k + 2. Let o be w(3). Suppose -13*d = -188 + 162. Calculate the remainder when 24 is divided by (-4)/(o/(-6))*(1 + d).
6
Let a = 24934 - 24187. What is the remainder when a is divided by 33?
21
What is the remainder when 467 is divided by ((10*-12)/(4 + 3))/((-27)/126)?
67
Let y = 179 - 224. Calculate the remainder when -4*((-1)/(-4) - (-2 - y)) is divided by 25.
21
Suppose 70*r + 2*i = 69*r + 131, 0 = r + i - 126. Calculate the remainder when 4230 is divided by r.
116
Suppose -b + 449 = 10*b - 1025. What is the remainder when 139 is divided by b?
5
Calculate the remainder when 123 - 1 - (-126 + 113) is divided by 61.
13
Suppose -5*g + 42 = -3*q, -g - 3*q = 31 - 25. Let o(m) = m**3 - 7*m**2 + 12*m - 7. Calculate the remainder when 103 is divided by o(g).
16
Let n = 137 + -143. What is the remainder when ((10 - 5) + -3)*(-219)/n is divided by 27?
19
Let j(u) = u. Let a be j(4). Suppose o + 28 = a*v, -3*v - 4*o + 40 = -0*v. Suppose 687 = 46*i - 739. What is the remainder when i is divided by v?
7
Let p(r) = -13*r - 20. Suppose t - 1160 = q, q - 104 + 107 = 0. Calculate the remainder when t is divided by p(-6).
55
Let n(h) = -6*h - 7 - 11 - 17 + h**3 - 18*h**2 - 7*h. Calculate the remainder when n(19) is divided by 20.
19
Let x(c) = 2*c - 121. Let q be x(0). Let i = q + 149. Calculate the remainder when i is divided by 5.
3
Let o(y) = -34*y + 2835. Calculate the remainder when 72 is divided by o(83).
7
Let q = 1947 - 1932. Let h(y) = 2*y**2 + 21 + 0*y**2 - 3*y**2 + 15*y. Calculate the remainder when 39 is divided by h(q).
18
Calculate the remainder when 307 is divided by 1898/24 + 3/(-36).
70
Let k(c) = -2*c**2 - 2 - 19 + 104 + 20*c + 14*c**2 + 22. What is the remainder when k(-5) is divided by 22?
19
Let z(t) be the second derivative of t**4/12 - 2*t**3/3 - 29*t**2/2 - 91*t. Calculate the remainder when 89 is divided by z(-6).
27
Let o(m) = 2*m**2 - 8*m + 8. Suppose 120*y - 16271 + 1991 = 0. What is the remainder when y is divided by o(6)?
23
Suppose -6*j = 4*b - 2*j - 376, 5*j + 25 = 0. Let y = 14 + 14. Suppose 97 + y = 5*l. Calculate the remainder when b is divided by l.
24
Let p(z) = 116*z**2 + 53*z - 73. What is the remainder when p(4) is divided by 27?
24
Suppose -4*n = -b + 77, 241*n - 236*n - 360 = -5*b. What is the remainder when 505 is divided by b?
67
Suppose -2*x = 4*i - 1618, 560*x = 2*i + 558*x - 794. What is the remainder when i is divided by 84?
66
Let l(n) = n**2 + 10*n + 18. Let s be (1 + (-6)/(-10))/(12/(-30)). Let o be l(s). What is the remainder when 58 is divided by 12 + (1 - o - 4)?
13
Let n(o) = 9*o**2 + 15*o - 35. Calculate the remainder when n(6) is divided by 55.
49
Suppose 68 - 106 = -t + q, 4*q - 145 = -5*t. Let i be 6/9 - (-40)/3. Let k = i - 7. What is the remainder when t is divided by k?
5
Suppose -34*k + 208691 + 388689 = 0. What is the remainder when k is divided by 92?
90
What is the remainder when 0 + 5/4 - 78694/(-392) is divided by 59?
25
Let l = 2431 - 1213. Suppose -l = -d + 4324. What is the remainder when d/153 + 3/(27/(-2)) is divided by 19?
17
Let m(u) = -10*u + 5*u + 11 + 3*u**2 - 14*u - 21*u - 2*u. What is the remainder when 23 is divided by m(14)?
1
Suppose -11*f + 10*f + 2*a = -21, -2*f + 27 = a. Suppose 3*k - 51 - 177 = 0. Calculate the remainder when k is divided by f.
1
Let q(v) = -v**3 + 14*v**2 + 14*v + 13. Suppose 0 = o - 32 + 17. Let h be q(o). What is the remainder when (-1 - h)*(297/3 + 4) is divided by 35?
33
Calculate the remainder when (-62955)/(-93) + 1 + (-76)/(-1178) is divided by 135.
3
Calculate the remainder when 3254 is divided by (136/(-544) - (-3)/(-4))*1*-11.
9
Let u(r) = 4*r + 34. Let j be u(-8). Calculate the remainder when j/(6/(-183))*(7 + -8) is divided by 33.
28
Suppose p = -5*w + 3645, 8*p - 3*p + 1458 = 2*w. Let y = w - 672. What is the remainder when 80 is divided by y?
23
Let o = 4514 + -4497. What is the remainder when 16284 is divided by o?
15
Let s = 1015 - 740. Suppose -s - 124 = -19*l. Calculate the remainder when 22 is divided by l.
1
Suppose 17001 = 23*f - 4021. What is the remainder when f is divided by 18?
14
Suppose 14*n + 589 = 2563. Let f be (-4)/14 - (-570)/35. Suppose -k + 4*w = -0*k - f, 68 = 3*k - 2*w. What is the remainder when n is divided by k?
21
Suppose 0 = 4*f + 2*g - 333 + 255, g - 99 = -5*f. Calculate the remainder when 73 is divided by f.
13
Let j(x) = 28*x**2 + 74*x - 76. What is the remainder when 139 is divided by j(1)?
9
Let f(u) = -u**3 + u**2 + 13*u + 35. Let h be f(9). Let w = h + 525. What is the remainder when 60 is divided by w?
2
Suppose 3*z = -0*g + g - 10, 2*g - 4*z - 12 = 0. Let b be 1*(g + -1 - -5). Suppose -3*j + 215 = b*j. Calculate the remainder when j is divided by 22.
21
Let d = 5621 - 5496. Let z = -138 - -33. Let j = z + d. Calculate the remainder when 56 is divided by j.
16
Suppose 873 = -81*s + 3060. Calculate the remainder when 1051 is divided by s.
25
Let z(q) = 2*q**2 + 5*q - 3. Calculate the remainder when 386 is divided by z(2).
11
Suppose -r - 2*r - 3 = 0. Let b(g) be the third derivative of -g**4/2 - g**3/2 + 14*g**2. What is the remainder when 17 is divided by b(r)?
8
Suppose -191 = -2*f - 24*k + 27*k, -5*f = 2*k - 525. Suppose 0 = 5*p + c - 175, -11*p + c = -14*p + f. Calculate the remainder when 179 is divided by p.
35
Let h(r) = -4 + 3*r - 18 + 0 - 28. Let x be h(20). Suppose 0 = z - 3*b - 2*b - 66, -2*b = x. What is the remainder when 161 is divided by z?
38
Suppose 5555 = -3*c + 8*c. Suppose 0 = -14*i + 191 + c. Calculate the remainder when i is divided by 25.
18
Suppose 132*l - 9058 = 20906. What is the remainder when 243 is divided by l?
16
Suppose -w - 324 + 689 = -4*t, 2*w - 4*t = 754. What is the remainder when w is divided by 42?
11
Let z(o) = -90*o - 4580. What is the remainder when 2496 is divided by z(-51)?
6
Suppose -181*d + 191*d - 20 = 0. Suppose f + 4*l - 9 = 189, -d*f + l = -360. What is the remainder when f is divided by 72?
38
Suppose -7*t + 8*t - 4 = 0. Suppose -w = 4*d - 47, 6*d = t*w + 4*d - 170. What is the remainder when 599 is divided by w?
40
Let s = 100 - 193. Let q = 50 - s. Calculate the remainder when q is divided by 12.
11
Calculate the remainder when 186 is divided by 23 + (-1880)/(-1 + -19).
69
Let o = 758 - 370. Let f be o/(-3)*(-3)/2. Suppose 7*u - 303 - f = 0. Calculate the remainder when u is divided by 18.
17
Let v(u) = u + 29. Suppose 8*c + 14 = -82. Let p be v(c). Let w(x) = 5*x - 53. Calculate the remainder when 63 is divided by w(p).
31
Let r be (-2 + 14)*56/6. Suppose -537 = -11*v + r. Suppose -7*k = -2*k - 80. Calculate the remainder when v is divided by k.
11
Let b(h) = -12*h**3 - 1055*h**2 + 57*h + 182. Calculate the remainder when b(-88) is divided by 8.
6
Let w = -121546 - -121588. Suppose -2*q - 1435 = -7*q. What is the remainder when q is divided 